, -z - 3*n + 21 = -53. What is the remainder when z is divided by 22?
20
Let o = 15 + -11. Suppose -2*h + 4*v = 5 - 25, 68 = 5*h - o*v. Calculate the remainder when h is divided by 9.
7
Suppose k - 14 - 1 = -3*n, 3*k - 31 = 5*n. Suppose 5*c = 20, 0 = 4*j - 5*c - 2 + 6. Suppose t = j*t - 63. What is the remainder when t is divided by k?
9
Calculate the remainder when 12 is divided by ((-4)/(-12))/((-2)/(-48)).
4
Let j = -5 + 11. Let f = j + -5. What is the remainder when 5 is divided by (0 + 0)/f - -3?
2
Let s = 191 + -133. What is the remainder when 114 is divided by s?
56
Let p(g) = g**2 - 5*g - 5. Calculate the remainder when 35 is divided by p(8).
16
Suppose -z + 4*t + 27 = -8, 0 = 4*z - 4*t - 104. Calculate the remainder when z is divided by 5.
3
Let y(z) = -z**2 + 5*z + 2. Let x be (5/(-4))/((-1)/4). Let m be y(x). Suppose -m*v - 2 + 6 = 0. Calculate the remainder when 2 is divided by v.
0
Let u(m) = 19*m. Let g = -8 - -10. Calculate the remainder when u(g) is divided by 13.
12
Let s = 18 - 12. Calculate the remainder when 16 is divided by s.
4
Let g(z) = 127*z**2 - z + 2. What is the remainder when g(1) is divided by 10?
8
Suppose f - 1 = 2*x + x, 2*x = 2. Suppose f*i - 9 = 15. Calculate the remainder when 21 is divided by i.
3
Let a(z) = 5*z**2 - z + 2. Let u be (-1)/(5/2 - 2). Calculate the remainder when 95 is divided by a(u).
23
Let d = -45 + 51. Calculate the remainder when 17 is divided by d.
5
Suppose 0*o = -7*o + 133. Let y = 144 + -74. Let h = y + -34. Calculate the remainder when h is divided by o.
17
Suppose 2*u + 36 = 6*u. Suppose u + 101 = 5*l. Calculate the remainder when l is divided by (2/5)/((-2)/(-60)).
10
Let j(l) be the second derivative of 1/2*l**2 + 3*l + 0*l**3 - 3/20*l**5 + 0 + 1/6*l**4. What is the remainder when j(-2) is divided by 12?
9
Let c(v) = 2*v**3 + 4*v**2 - 4*v + 2. Let z be c(2). Let f(t) = -t**3 + z + 3*t - t - t. Calculate the remainder when f(0) is divided by 9.
8
Let t = 40 + -16. Calculate the remainder when 94 is divided by t.
22
Suppose 5*b + 45 - 115 = 0. What is the remainder when b is divided by 5?
4
Suppose -2*r - 3*s + 254 = -8*s, 4*r + s - 552 = 0. What is the remainder when r is divided by 35?
32
Let p = 19 + -2. Suppose -29 - 79 = -18*h. What is the remainder when p is divided by h?
5
Suppose k - 2*b = -3, 3*k + 2*b - 23 = -0*k. Suppose -v = -5*j + 15, -3 + 18 = 5*j + k*v. What is the remainder when 44 is divided by 14 + (3/1)/j?
14
Suppose -3*o - q + 49 = 0, -3*o + 61 = q + 3*q. What is the remainder when 58 is divided by o?
13
Suppose 0 = -3*c - 0*c, 0 = 2*b - 3*c + 30. Let p = b + 21. What is the remainder when 16 is divided by p?
4
Let x = -57 - -86. Suppose -2*l - 3*l = 30. Calculate the remainder when x is divided by (-58)/l + 5/15.
9
Suppose -2*i = -6 - 8. Calculate the remainder when 18 is divided by i.
4
Suppose -5 = f - 10. Calculate the remainder when 28 is divided by f.
3
Let y(n) = -n - 2. Let w be y(7). Suppose -7*h + 3*h = 2*m - 72, 4*m - 59 = -3*h. Let d = w + h. Calculate the remainder when 22 is divided by d.
6
Suppose 0 = -4*y + 5*o - 297 + 856, -5*y + 692 = -4*o. Suppose -14*g + 18*g - y = 0. Let q(i) = -i + 12. What is the remainder when g is divided by q(0)?
10
Let g(o) = -24*o - 5. What is the remainder when 127 is divided by g(-2)?
41
Suppose -11*r + 255 = -779. Calculate the remainder when r is divided by 16.
14
Let q = 4 - 9. Let p = -5 - q. What is the remainder when 1 + p - (-45)/3 is divided by 9?
7
Let g = 92 + -55. Let p = g + -23. Suppose 3*f - 3 = 4*a - 15, -f - p = -3*a. Calculate the remainder when a is divided by 4.
2
Let b(s) = 4*s**2 - 2. Let h(r) = -r**2 - r. Let y(c) = b(c) - h(c). Calculate the remainder when 45 is divided by y(-2).
13
Let s be 0/(-4) + (-5)/(-1). Suppose -s*a = 2 - 12. What is the remainder when ((-3)/9)/(3/(-18)) is divided by a?
0
Let i(p) = p**2 - p - 18. What is the remainder when 20 is divided by i(6)?
8
Let x(p) = -11*p. Let i be x(-1). Suppose 9 = 5*q - i. Calculate the remainder when q is divided by 3.
1
Let f = -3 + 6. Suppose -25 = v + g + 5, 4*v - f*g = -106. Let d = v - -50. Calculate the remainder when d is divided by 8.
6
Let c = 206 - 92. What is the remainder when c is divided by 29?
27
Let r = 33 - -25. Suppose 0 = -x - 4*t + 1 - 9, -3*t = 3*x - 21. What is the remainder when r is divided by x?
10
Let d = 19 + -12. Suppose 0 = -x - 2*z - 6, -5*x + d = z + 1. Calculate the remainder when 7 is divided by x.
1
Let f(s) = 5*s - 3. Let n be f(2). Suppose 0 = 3*p - n - 35. Suppose 4*h + 4*r = 21 + 15, 0 = -h + 3*r + 5. Calculate the remainder when p is divided by h.
6
Suppose 1 = -4*n + 5. Calculate the remainder when 1 is divided by n.
0
Suppose 143 = 4*a - 21. What is the remainder when a is divided by 7?
6
Let l(v) = 2*v + 26. Calculate the remainder when 27 is divided by l(-3).
7
Let a = -4 + 35. Calculate the remainder when 60 is divided by a.
29
What is the remainder when (-23*4/10)/(24/(-60)) is divided by 13?
10
Let c(x) = -x**3 - 13*x**2 - 11*x + 15. Let o be c(-12). Suppose 0 = -0*k + o*k - 90. What is the remainder when k is divided by 16?
14
Let u(g) = g + 21. What is the remainder when u(-14) is divided by 4?
3
Let z be 6/(-9) - 62/(-3). Suppose -5*d + 25 = -z. Let h = 2 - -3. What is the remainder when d is divided by h?
4
Suppose 9*j = 13*j - 164. What is the remainder when j is divided by 11?
8
Let o(k) = k**3 - 9*k**2 + k + 1. Suppose -3*c = 4*m, 2*m - 8 = -5*c + 6. What is the remainder when o(9) is divided by c?
2
Let x be (-1 - 2 - -2) + 1. Suppose 12 = 2*t - x. Calculate the remainder when (0 + -2)*(-17)/2 is divided by t.
5
Let q = -2 + 3. Let t = q + 9. What is the remainder when 29 is divided by t?
9
Let r(h) = 3*h + 6*h**2 + h**3 + 5 + 6 - 4. Calculate the remainder when r(-5) is divided by 6.
5
Let o = 6 - 4. Calculate the remainder when o is divided by 4*(-3)/6*-1.
0
Suppose -68 = 2*b - 6*b. Suppose -g + x = 4*x - 38, 0 = 4*x + 16. Calculate the remainder when g is divided by b.
16
Suppose 2*v + 17 = -23. Let d = v - -66. What is the remainder when d is divided by 16?
14
Suppose 2*l + 0*l = -2*p + 42, -2*p - 73 = -3*l. What is the remainder when l is divided by 12?
11
Suppose -3*p - 5*x = -30, 4*x - 26 = -3*p + 4. Suppose 4*n = -2 + p. What is the remainder when 7 is divided by n?
1
Suppose -5*f + 110 - 25 = 0. Let g = 34 - 24. What is the remainder when f is divided by g?
7
Let l = -4 - -6. Let s be (-55)/(-2) - 1/l. Let j = s + -11. Calculate the remainder when 46 is divided by j.
14
Suppose -1 + 5 = 2*l. Suppose l*x - x = 10. Calculate the remainder when 37 is divided by x.
7
Suppose 2*b + 15 = 3*b + n, 20 = b + 2*n. Suppose 2*z - b = 0, 0 = -f - 0*f - 3*z + 36. Calculate the remainder when f is divided by 11.
10
Suppose 19 = i - 6. What is the remainder when i is divided by 4?
1
Let h be (-6)/(-21) - 1368/(-14). Suppose -32 = 3*a - h. Let p = a + -8. What is the remainder when 40 is divided by p?
12
Let i = -13 - -19. Calculate the remainder when 21 is divided by i.
3
Suppose -r + 12 = -32. Calculate the remainder when 175 is divided by r.
43
Suppose 5*f - 98 = 102. What is the remainder when 198 is divided by f?
38
Suppose -3*t + 155 = 5*l - 30, 4*t = -5*l + 185. Suppose -z = -5, f = 2*f + 3*z - 25. Calculate the remainder when l is divided by f.
7
Suppose c = 5*a, c = a - 4*a - 8. Let n = 5 + a. Suppose -60 = -6*f + 3*f + n*o, -3*o - 80 = -4*f. What is the remainder when 39 is divided by f?
19
What is the remainder when 0*(-5)/10 + 1*166 is divided by 28?
26
Let u(x) = 5*x - 5. Let k(m) = -m**3 - 2*m**2 + 4*m - 5. What is the remainder when u(5) is divided by k(-4)?
9
Let r be (2/5)/(9/(-45)). Calculate the remainder when 8 - r - 2/(-1) is divided by 5.
2
Let v(l) = 2*l**2 - 6*l. Let b(q) = q**3 + 3*q**2 - 6*q - 1. What is the remainder when v(5) is divided by b(-4)?
6
Suppose 14 = 2*t - 0*m - 4*m, 3*t - 41 = 2*m. Suppose b - 4 = -1. Suppose i + b = t. What is the remainder when 27 is divided by i?
13
Let i = -9 - 23. Let z = -23 - i. Calculate the remainder when z is divided by 5.
4
Suppose -2*m + 3*p + 140 = 7*p, 4*m = 2*p + 290. What is the remainder when m is divided by 21?
9
Let x = 60 + -40. Calculate the remainder when 179 is divided by x.
19
Suppose -n + 7*p - 2*p = 0, p = 